{"id":109,"date":"2023-02-03T08:49:45","date_gmt":"2023-02-03T07:49:45","guid":{"rendered":"https:\/\/roulottes-de-meaudre.fr\/?page_id=109"},"modified":"2026-03-01T18:14:39","modified_gmt":"2026-03-01T17:14:39","slug":"descriptif","status":"publish","type":"page","link":"https:\/\/roulottes-de-meaudre.fr\/wordpress\/descriptif\/","title":{"rendered":"Descriptif"},"content":{"rendered":"\t\t<div data-elementor-type=\"wp-page\" data-elementor-id=\"109\" class=\"elementor elementor-109\">\n\t\t\t\t\t\t<section class=\"elementor-section elementor-top-section elementor-element elementor-element-165021a1 elementor-section-full_width elementor-section-height-min-height elementor-section-items-stretch elementor-section-content-middle elementor-section-height-default\" data-id=\"165021a1\" data-element_type=\"section\" data-e-type=\"section\">\n\t\t\t\t\t\t<div class=\"elementor-container elementor-column-gap-no\">\n\t\t\t\t\t<div class=\"elementor-column elementor-col-100 elementor-top-column elementor-element elementor-element-212930f1\" data-id=\"212930f1\" data-element_type=\"column\" data-e-type=\"column\">\n\t\t\t<div class=\"elementor-widget-wrap elementor-element-populated\">\n\t\t\t\t\t\t<div class=\"elementor-element elementor-element-5cda02af elementor-widget__width-inherit elementor-absolute elementor-invisible elementor-widget elementor-widget-image\" data-id=\"5cda02af\" data-element_type=\"widget\" data-e-type=\"widget\" data-settings=\"{&quot;_animation&quot;:&quot;slideInLeft&quot;,&quot;_position&quot;:&quot;absolute&quot;}\" data-widget_type=\"image.default\">\n\t\t\t\t<div class=\"elementor-widget-container\">\n\t\t\t\t\t\t\t\t\t\t\t\t\t\t\t<img fetchpriority=\"high\" decoding=\"async\" width=\"1024\" height=\"682\" src=\"https:\/\/roulottes-de-meaudre.fr\/wordpress\/wp-content\/uploads\/2023\/03\/DSC_0220-copie.jpg\" class=\"attachment-large size-large wp-image-457\" alt=\"\" srcset=\"https:\/\/roulottes-de-meaudre.fr\/wordpress\/wp-content\/uploads\/2023\/03\/DSC_0220-copie.jpg 1024w, https:\/\/roulottes-de-meaudre.fr\/wordpress\/wp-content\/uploads\/2023\/03\/DSC_0220-copie-300x200.jpg 300w, https:\/\/roulottes-de-meaudre.fr\/wordpress\/wp-content\/uploads\/2023\/03\/DSC_0220-copie-768x512.jpg 768w\" sizes=\"(max-width: 1024px) 100vw, 1024px\" \/>\t\t\t\t\t\t\t\t\t\t\t\t\t\t\t<\/div>\n\t\t\t\t<\/div>\n\t\t\t\t<section class=\"elementor-section elementor-inner-section elementor-element elementor-element-64698a4a elementor-section-height-min-height elementor-section-content-middle elementor-section-boxed elementor-section-height-default\" data-id=\"64698a4a\" data-element_type=\"section\" data-e-type=\"section\" data-settings=\"{&quot;background_background&quot;:&quot;classic&quot;}\">\n\t\t\t\t\t\t<div class=\"elementor-container elementor-column-gap-no\">\n\t\t\t\t\t<div class=\"elementor-column elementor-col-100 elementor-inner-column elementor-element elementor-element-208b134\" data-id=\"208b134\" data-element_type=\"column\" data-e-type=\"column\">\n\t\t\t<div class=\"elementor-widget-wrap elementor-element-populated\">\n\t\t\t\t\t\t<div class=\"elementor-element elementor-element-25cfa00d elementor-invisible elementor-widget elementor-widget-heading\" data-id=\"25cfa00d\" data-element_type=\"widget\" data-e-type=\"widget\" data-settings=\"{&quot;_animation&quot;:&quot;fadeIn&quot;}\" data-widget_type=\"heading.default\">\n\t\t\t\t<div class=\"elementor-widget-container\">\n\t\t\t\t\t<h2 class=\"elementor-heading-title elementor-size-default\">Deux Roulottes<br>Une Tiny house<\/h2>\t\t\t\t<\/div>\n\t\t\t\t<\/div>\n\t\t\t\t<div class=\"elementor-element elementor-element-32c3afc6 elementor-invisible elementor-widget elementor-widget-text-editor\" data-id=\"32c3afc6\" data-element_type=\"widget\" data-e-type=\"widget\" data-settings=\"{&quot;_animation&quot;:&quot;fadeIn&quot;,&quot;_animation_delay&quot;:200}\" data-widget_type=\"text-editor.default\">\n\t\t\t\t<div class=\"elementor-widget-container\">\n\t\t\t\t\t\t\t\t\t<p>Les roulottes font 9 x 3 m\u00e8tres et sont enti\u00e8rement \u00e9quip\u00e9es pour passer l&rsquo;hiver au chaud. Elles sont compos\u00e9es\u00a0<span style=\"font-style: inherit; font-weight: inherit; letter-spacing: 0px;\">d&rsquo;une pi\u00e8ce principale comprenant un canap\u00e9 convertible, faisant office de lit double, une cuisine (frigo, plaque de cuissons, four micro ondes, cafeti\u00e8re Senseo, grille pain, bouilloire etc&#8230;). D&rsquo;une salle de bain avec douche et wc et d&rsquo;une chambre s\u00e9par\u00e9e avec lits superpos\u00e9es.\u00a0\u00a0<\/span><\/p>\n<p><span style=\"font-style: inherit; font-weight: inherit; letter-spacing: 0px;\">Aire de jeux, barbecue, TV\u00a0\u00a0<\/span><\/p>\t\t\t\t\t\t\t\t<\/div>\n\t\t\t\t<\/div>\n\t\t\t\t\t<\/div>\n\t\t<\/div>\n\t\t\t\t\t<\/div>\n\t\t<\/section>\n\t\t\t\t<div class=\"elementor-element elementor-element-12fa0192 elementor-widget__width-auto elementor-absolute elementor-invisible elementor-widget elementor-widget-image\" data-id=\"12fa0192\" data-element_type=\"widget\" data-e-type=\"widget\" data-settings=\"{&quot;_animation&quot;:&quot;slideInRight&quot;,&quot;_animation_delay&quot;:200,&quot;_position&quot;:&quot;absolute&quot;}\" data-widget_type=\"image.default\">\n\t\t\t\t<div class=\"elementor-widget-container\">\n\t\t\t\t\t\t\t\t\t\t\t\t\t\t\t<img decoding=\"async\" width=\"683\" height=\"1024\" src=\"https:\/\/roulottes-de-meaudre.fr\/wordpress\/wp-content\/uploads\/2023\/03\/DSC_0057-copie-683x1024.jpg\" class=\"attachment-large size-large wp-image-455\" alt=\"\" srcset=\"https:\/\/roulottes-de-meaudre.fr\/wordpress\/wp-content\/uploads\/2023\/03\/DSC_0057-copie-683x1024.jpg 683w, https:\/\/roulottes-de-meaudre.fr\/wordpress\/wp-content\/uploads\/2023\/03\/DSC_0057-copie-200x300.jpg 200w, https:\/\/roulottes-de-meaudre.fr\/wordpress\/wp-content\/uploads\/2023\/03\/DSC_0057-copie-768x1152.jpg 768w, https:\/\/roulottes-de-meaudre.fr\/wordpress\/wp-content\/uploads\/2023\/03\/DSC_0057-copie.jpg 1024w\" sizes=\"(max-width: 683px) 100vw, 683px\" \/>\t\t\t\t\t\t\t\t\t\t\t\t\t\t\t<\/div>\n\t\t\t\t<\/div>\n\t\t\t\t\t<\/div>\n\t\t<\/div>\n\t\t\t\t\t<\/div>\n\t\t<\/section>\n\t\t\t\t<section class=\"elementor-section elementor-top-section elementor-element elementor-element-560bb9e elementor-section-boxed elementor-section-height-default elementor-section-height-default\" data-id=\"560bb9e\" data-element_type=\"section\" data-e-type=\"section\">\n\t\t\t\t\t\t<div class=\"elementor-container elementor-column-gap-default\">\n\t\t\t\t\t<div class=\"elementor-column elementor-col-100 elementor-top-column elementor-element elementor-element-e36760c\" data-id=\"e36760c\" data-element_type=\"column\" data-e-type=\"column\">\n\t\t\t<div class=\"elementor-widget-wrap\">\n\t\t\t\t\t\t\t<\/div>\n\t\t<\/div>\n\t\t\t\t\t<\/div>\n\t\t<\/section>\n\t\t\t\t<section class=\"elementor-section elementor-top-section elementor-element elementor-element-1ceafd4 elementor-section-boxed elementor-section-height-default elementor-section-height-default\" data-id=\"1ceafd4\" data-element_type=\"section\" data-e-type=\"section\">\n\t\t\t\t\t\t<div class=\"elementor-container elementor-column-gap-default\">\n\t\t\t\t\t<div class=\"elementor-column elementor-col-100 elementor-top-column elementor-element elementor-element-5c55393\" data-id=\"5c55393\" data-element_type=\"column\" data-e-type=\"column\">\n\t\t\t<div class=\"elementor-widget-wrap elementor-element-populated\">\n\t\t\t\t\t\t<div class=\"elementor-element elementor-element-e37906b elementor-widget elementor-widget-spacer\" data-id=\"e37906b\" data-element_type=\"widget\" data-e-type=\"widget\" data-widget_type=\"spacer.default\">\n\t\t\t\t<div class=\"elementor-widget-container\">\n\t\t\t\t\t\t\t<div class=\"elementor-spacer\">\n\t\t\t<div class=\"elementor-spacer-inner\"><\/div>\n\t\t<\/div>\n\t\t\t\t\t\t<\/div>\n\t\t\t\t<\/div>\n\t\t\t\t\t<\/div>\n\t\t<\/div>\n\t\t\t\t\t<\/div>\n\t\t<\/section>\n\t\t\t\t<section class=\"elementor-section elementor-top-section elementor-element elementor-element-a29ad40 elementor-section-boxed elementor-section-height-default elementor-section-height-default\" data-id=\"a29ad40\" data-element_type=\"section\" data-e-type=\"section\">\n\t\t\t\t\t\t<div class=\"elementor-container elementor-column-gap-default\">\n\t\t\t\t\t<div class=\"elementor-column elementor-col-25 elementor-top-column elementor-element elementor-element-20674a3\" data-id=\"20674a3\" data-element_type=\"column\" data-e-type=\"column\">\n\t\t\t<div class=\"elementor-widget-wrap elementor-element-populated\">\n\t\t\t\t\t\t<div class=\"elementor-element elementor-element-fff3243 elementor-widget elementor-widget-image\" data-id=\"fff3243\" data-element_type=\"widget\" data-e-type=\"widget\" data-widget_type=\"image.default\">\n\t\t\t\t<div class=\"elementor-widget-container\">\n\t\t\t\t\t\t\t\t\t\t\t\t\t\t\t<img decoding=\"async\" width=\"768\" height=\"1024\" src=\"https:\/\/roulottes-de-meaudre.fr\/wordpress\/wp-content\/uploads\/2023\/03\/20230304_112357-copie-768x1024.jpg\" class=\"attachment-large size-large wp-image-523\" alt=\"\" srcset=\"https:\/\/roulottes-de-meaudre.fr\/wordpress\/wp-content\/uploads\/2023\/03\/20230304_112357-copie-768x1024.jpg 768w, https:\/\/roulottes-de-meaudre.fr\/wordpress\/wp-content\/uploads\/2023\/03\/20230304_112357-copie-225x300.jpg 225w, https:\/\/roulottes-de-meaudre.fr\/wordpress\/wp-content\/uploads\/2023\/03\/20230304_112357-copie.jpg 1024w\" sizes=\"(max-width: 768px) 100vw, 768px\" \/>\t\t\t\t\t\t\t\t\t\t\t\t\t\t\t<\/div>\n\t\t\t\t<\/div>\n\t\t\t\t\t<\/div>\n\t\t<\/div>\n\t\t\t\t<div class=\"elementor-column elementor-col-25 elementor-top-column elementor-element elementor-element-1c641e9\" data-id=\"1c641e9\" data-element_type=\"column\" data-e-type=\"column\">\n\t\t\t<div class=\"elementor-widget-wrap elementor-element-populated\">\n\t\t\t\t\t\t<div class=\"elementor-element elementor-element-d17f7be elementor-widget__width-inherit animated-slow elementor-invisible elementor-widget elementor-widget-text-editor\" data-id=\"d17f7be\" data-element_type=\"widget\" data-e-type=\"widget\" data-settings=\"{&quot;_animation&quot;:&quot;zoomIn&quot;}\" data-widget_type=\"text-editor.default\">\n\t\t\t\t<div class=\"elementor-widget-container\">\n\t\t\t\t\t\t\t\t\t<h3 style=\"font-style: normal;\"><span style=\"text-decoration: underline;\">Tarifs<\/span><\/h3>\n<p style=\"font-size: 16px; font-style: normal; font-weight: 400;\">Pendant les vacances d&rsquo;\u00e9t\u00e9 et d&rsquo;hiver, la location s&rsquo;effectue uniquement \u00e0 la semaine du samedi au samedi prix 540\u20ac, hors saison 390\u20ac.&nbsp;<\/p>\n<p style=\"font-size: 16px; font-style: normal; font-weight: 400;\">Location sur deux nuits minimums \u00e0 partir de 160\u20ac, linge non compris, vous pouvez les apporter ou les louer en suppl\u00e9ment.<\/p>\n<p style=\"font-size: 16px; font-style: normal; font-weight: 400;\">\n<\/p>\t\t\t\t\t\t\t\t<\/div>\n\t\t\t\t<\/div>\n\t\t\t\t\t<\/div>\n\t\t<\/div>\n\t\t\t\t<div class=\"elementor-column elementor-col-25 elementor-top-column elementor-element elementor-element-f68545d\" data-id=\"f68545d\" data-element_type=\"column\" data-e-type=\"column\">\n\t\t\t<div class=\"elementor-widget-wrap elementor-element-populated\">\n\t\t\t\t\t\t<div class=\"elementor-element elementor-element-43fc12a elementor-widget elementor-widget-image\" data-id=\"43fc12a\" data-element_type=\"widget\" data-e-type=\"widget\" data-widget_type=\"image.default\">\n\t\t\t\t<div class=\"elementor-widget-container\">\n\t\t\t\t\t\t\t\t\t\t\t\t\t\t\t<img loading=\"lazy\" decoding=\"async\" width=\"768\" height=\"1024\" src=\"https:\/\/roulottes-de-meaudre.fr\/wordpress\/wp-content\/uploads\/2023\/03\/20230304_112140-copie-768x1024.jpg\" class=\"attachment-large size-large wp-image-524\" alt=\"\" srcset=\"https:\/\/roulottes-de-meaudre.fr\/wordpress\/wp-content\/uploads\/2023\/03\/20230304_112140-copie-768x1024.jpg 768w, https:\/\/roulottes-de-meaudre.fr\/wordpress\/wp-content\/uploads\/2023\/03\/20230304_112140-copie-225x300.jpg 225w, https:\/\/roulottes-de-meaudre.fr\/wordpress\/wp-content\/uploads\/2023\/03\/20230304_112140-copie.jpg 1024w\" sizes=\"(max-width: 768px) 100vw, 768px\" \/>\t\t\t\t\t\t\t\t\t\t\t\t\t\t\t<\/div>\n\t\t\t\t<\/div>\n\t\t\t\t\t<\/div>\n\t\t<\/div>\n\t\t\t\t<div class=\"elementor-column elementor-col-25 elementor-top-column elementor-element elementor-element-9a7e811\" data-id=\"9a7e811\" data-element_type=\"column\" data-e-type=\"column\">\n\t\t\t<div class=\"elementor-widget-wrap elementor-element-populated\">\n\t\t\t\t\t\t<div class=\"elementor-element elementor-element-48b58ff elementor-widget elementor-widget-image\" data-id=\"48b58ff\" data-element_type=\"widget\" data-e-type=\"widget\" data-widget_type=\"image.default\">\n\t\t\t\t<div class=\"elementor-widget-container\">\n\t\t\t\t\t\t\t\t\t\t\t\t\t\t\t<img loading=\"lazy\" decoding=\"async\" width=\"768\" height=\"1024\" src=\"https:\/\/roulottes-de-meaudre.fr\/wordpress\/wp-content\/uploads\/2023\/03\/20230304_111958-copie-768x1024.jpg\" class=\"attachment-large size-large wp-image-522\" alt=\"\" srcset=\"https:\/\/roulottes-de-meaudre.fr\/wordpress\/wp-content\/uploads\/2023\/03\/20230304_111958-copie-768x1024.jpg 768w, https:\/\/roulottes-de-meaudre.fr\/wordpress\/wp-content\/uploads\/2023\/03\/20230304_111958-copie-225x300.jpg 225w, https:\/\/roulottes-de-meaudre.fr\/wordpress\/wp-content\/uploads\/2023\/03\/20230304_111958-copie.jpg 1024w\" sizes=\"(max-width: 768px) 100vw, 768px\" \/>\t\t\t\t\t\t\t\t\t\t\t\t\t\t\t<\/div>\n\t\t\t\t<\/div>\n\t\t\t\t\t<\/div>\n\t\t<\/div>\n\t\t\t\t\t<\/div>\n\t\t<\/section>\n\t\t\t\t<\/div>\n\t\t","protected":false},"excerpt":{"rendered":"<p>Deux RoulottesUne Tiny house Les roulottes font 9 x 3 m\u00e8tres et sont enti\u00e8rement \u00e9quip\u00e9es pour passer l&rsquo;hiver au chaud. Elles sont compos\u00e9es\u00a0d&rsquo;une pi\u00e8ce principale comprenant un canap\u00e9 convertible, faisant office de lit double, une cuisine (frigo, plaque de cuissons, four micro ondes, cafeti\u00e8re Senseo, grille pain, bouilloire etc&#8230;). D&rsquo;une salle de bain avec douche &hellip;<\/p>\n<p class=\"read-more\"> <a class=\"\" href=\"https:\/\/roulottes-de-meaudre.fr\/wordpress\/descriptif\/\"> <span class=\"screen-reader-text\">Descriptif<\/span> Lire la suite\u00a0\u00bb<\/a><\/p>\n","protected":false},"author":1,"featured_media":0,"parent":0,"menu_order":0,"comment_status":"closed","ping_status":"closed","template":"","meta":{"site-sidebar-layout":"default","site-content-layout":"default","ast-global-header-display":"","ast-main-header-display":"","ast-hfb-above-header-display":"","ast-hfb-below-header-display":"","ast-hfb-mobile-header-display":"","site-post-title":"disabled","ast-breadcrumbs-content":"","ast-featured-img":"","footer-sml-layout":"","theme-transparent-header-meta":"","adv-header-id-meta":"","stick-header-meta":"","header-above-stick-meta":"","header-main-stick-meta":"","header-below-stick-meta":"","footnotes":""},"class_list":["post-109","page","type-page","status-publish","hentry"],"yoast_head":"<!-- This site is optimized with the Yoast SEO plugin v27.4 - https:\/\/yoast.com\/product\/yoast-seo-wordpress\/ -->\n<title>Descriptif - Les Roulottes de M\u00e9audre - Vercors<\/title>\n<meta name=\"robots\" content=\"index, follow, max-snippet:-1, max-image-preview:large, max-video-preview:-1\" \/>\n<link rel=\"canonical\" href=\"https:\/\/roulottes-de-meaudre.fr\/wordpress\/descriptif\/\" \/>\n<meta property=\"og:locale\" content=\"fr_FR\" \/>\n<meta property=\"og:type\" content=\"article\" \/>\n<meta property=\"og:title\" content=\"Descriptif - Les Roulottes de M\u00e9audre - Vercors\" \/>\n<meta property=\"og:description\" content=\"Deux RoulottesUne Tiny house Les roulottes font 9 x 3 m\u00e8tres et sont enti\u00e8rement \u00e9quip\u00e9es pour passer l&rsquo;hiver au chaud. Elles sont compos\u00e9es\u00a0d&rsquo;une pi\u00e8ce principale comprenant un canap\u00e9 convertible, faisant office de lit double, une cuisine (frigo, plaque de cuissons, four micro ondes, cafeti\u00e8re Senseo, grille pain, bouilloire etc&#8230;). D&rsquo;une salle de bain avec douche &hellip; Descriptif Lire la suite\u00a0\u00bb\" \/>\n<meta property=\"og:url\" content=\"https:\/\/roulottes-de-meaudre.fr\/wordpress\/descriptif\/\" \/>\n<meta property=\"og:site_name\" content=\"Les Roulottes de M\u00e9audre - Vercors\" \/>\n<meta property=\"article:modified_time\" content=\"2026-03-01T17:14:39+00:00\" \/>\n<meta property=\"og:image\" content=\"https:\/\/roulottes-de-meaudre.fr\/wordpress\/wp-content\/uploads\/2023\/03\/DSC_0220-copie.jpg\" \/>\n\t<meta property=\"og:image:width\" content=\"1024\" \/>\n\t<meta property=\"og:image:height\" content=\"682\" \/>\n\t<meta property=\"og:image:type\" content=\"image\/jpeg\" \/>\n<meta name=\"twitter:label1\" content=\"Dur\u00e9e de lecture estim\u00e9e\" \/>\n\t<meta name=\"twitter:data1\" content=\"2 minutes\" \/>\n<script type=\"application\/ld+json\" class=\"yoast-schema-graph\">{\"@context\":\"https:\\\/\\\/schema.org\",\"@graph\":[{\"@type\":\"WebPage\",\"@id\":\"https:\\\/\\\/roulottes-de-meaudre.fr\\\/wordpress\\\/descriptif\\\/\",\"url\":\"https:\\\/\\\/roulottes-de-meaudre.fr\\\/wordpress\\\/descriptif\\\/\",\"name\":\"Descriptif - Les Roulottes de M\u00e9audre - Vercors\",\"isPartOf\":{\"@id\":\"https:\\\/\\\/roulottes-de-meaudre.fr\\\/wordpress\\\/#website\"},\"primaryImageOfPage\":{\"@id\":\"https:\\\/\\\/roulottes-de-meaudre.fr\\\/wordpress\\\/descriptif\\\/#primaryimage\"},\"image\":{\"@id\":\"https:\\\/\\\/roulottes-de-meaudre.fr\\\/wordpress\\\/descriptif\\\/#primaryimage\"},\"thumbnailUrl\":\"https:\\\/\\\/roulottes-de-meaudre.fr\\\/wordpress\\\/wp-content\\\/uploads\\\/2023\\\/03\\\/DSC_0220-copie.jpg\",\"datePublished\":\"2023-02-03T07:49:45+00:00\",\"dateModified\":\"2026-03-01T17:14:39+00:00\",\"breadcrumb\":{\"@id\":\"https:\\\/\\\/roulottes-de-meaudre.fr\\\/wordpress\\\/descriptif\\\/#breadcrumb\"},\"inLanguage\":\"fr-FR\",\"potentialAction\":[{\"@type\":\"ReadAction\",\"target\":[\"https:\\\/\\\/roulottes-de-meaudre.fr\\\/wordpress\\\/descriptif\\\/\"]}]},{\"@type\":\"ImageObject\",\"inLanguage\":\"fr-FR\",\"@id\":\"https:\\\/\\\/roulottes-de-meaudre.fr\\\/wordpress\\\/descriptif\\\/#primaryimage\",\"url\":\"https:\\\/\\\/roulottes-de-meaudre.fr\\\/wordpress\\\/wp-content\\\/uploads\\\/2023\\\/03\\\/DSC_0220-copie.jpg\",\"contentUrl\":\"https:\\\/\\\/roulottes-de-meaudre.fr\\\/wordpress\\\/wp-content\\\/uploads\\\/2023\\\/03\\\/DSC_0220-copie.jpg\",\"width\":1024,\"height\":682},{\"@type\":\"BreadcrumbList\",\"@id\":\"https:\\\/\\\/roulottes-de-meaudre.fr\\\/wordpress\\\/descriptif\\\/#breadcrumb\",\"itemListElement\":[{\"@type\":\"ListItem\",\"position\":1,\"name\":\"Accueil\",\"item\":\"https:\\\/\\\/roulottes-de-meaudre.fr\\\/wordpress\\\/\"},{\"@type\":\"ListItem\",\"position\":2,\"name\":\"Descriptif\"}]},{\"@type\":\"WebSite\",\"@id\":\"https:\\\/\\\/roulottes-de-meaudre.fr\\\/wordpress\\\/#website\",\"url\":\"https:\\\/\\\/roulottes-de-meaudre.fr\\\/wordpress\\\/\",\"name\":\"Les Roulottes de M\u00e9audre - Vercors\",\"description\":\"h\u00e9bergements insolites en pleine nature\",\"potentialAction\":[{\"@type\":\"SearchAction\",\"target\":{\"@type\":\"EntryPoint\",\"urlTemplate\":\"https:\\\/\\\/roulottes-de-meaudre.fr\\\/wordpress\\\/?s={search_term_string}\"},\"query-input\":{\"@type\":\"PropertyValueSpecification\",\"valueRequired\":true,\"valueName\":\"search_term_string\"}}],\"inLanguage\":\"fr-FR\"}]}<\/script>\n<!-- \/ Yoast SEO plugin. -->","yoast_head_json":{"title":"Descriptif - Les Roulottes de M\u00e9audre - Vercors","robots":{"index":"index","follow":"follow","max-snippet":"max-snippet:-1","max-image-preview":"max-image-preview:large","max-video-preview":"max-video-preview:-1"},"canonical":"https:\/\/roulottes-de-meaudre.fr\/wordpress\/descriptif\/","og_locale":"fr_FR","og_type":"article","og_title":"Descriptif - Les Roulottes de M\u00e9audre - Vercors","og_description":"Deux RoulottesUne Tiny house Les roulottes font 9 x 3 m\u00e8tres et sont enti\u00e8rement \u00e9quip\u00e9es pour passer l&rsquo;hiver au chaud. Elles sont compos\u00e9es\u00a0d&rsquo;une pi\u00e8ce principale comprenant un canap\u00e9 convertible, faisant office de lit double, une cuisine (frigo, plaque de cuissons, four micro ondes, cafeti\u00e8re Senseo, grille pain, bouilloire etc&#8230;). D&rsquo;une salle de bain avec douche &hellip; Descriptif Lire la suite\u00a0\u00bb","og_url":"https:\/\/roulottes-de-meaudre.fr\/wordpress\/descriptif\/","og_site_name":"Les Roulottes de M\u00e9audre - Vercors","article_modified_time":"2026-03-01T17:14:39+00:00","og_image":[{"width":1024,"height":682,"url":"https:\/\/roulottes-de-meaudre.fr\/wordpress\/wp-content\/uploads\/2023\/03\/DSC_0220-copie.jpg","type":"image\/jpeg"}],"twitter_misc":{"Dur\u00e9e de lecture estim\u00e9e":"2 minutes"},"schema":{"@context":"https:\/\/schema.org","@graph":[{"@type":"WebPage","@id":"https:\/\/roulottes-de-meaudre.fr\/wordpress\/descriptif\/","url":"https:\/\/roulottes-de-meaudre.fr\/wordpress\/descriptif\/","name":"Descriptif - Les Roulottes de M\u00e9audre - Vercors","isPartOf":{"@id":"https:\/\/roulottes-de-meaudre.fr\/wordpress\/#website"},"primaryImageOfPage":{"@id":"https:\/\/roulottes-de-meaudre.fr\/wordpress\/descriptif\/#primaryimage"},"image":{"@id":"https:\/\/roulottes-de-meaudre.fr\/wordpress\/descriptif\/#primaryimage"},"thumbnailUrl":"https:\/\/roulottes-de-meaudre.fr\/wordpress\/wp-content\/uploads\/2023\/03\/DSC_0220-copie.jpg","datePublished":"2023-02-03T07:49:45+00:00","dateModified":"2026-03-01T17:14:39+00:00","breadcrumb":{"@id":"https:\/\/roulottes-de-meaudre.fr\/wordpress\/descriptif\/#breadcrumb"},"inLanguage":"fr-FR","potentialAction":[{"@type":"ReadAction","target":["https:\/\/roulottes-de-meaudre.fr\/wordpress\/descriptif\/"]}]},{"@type":"ImageObject","inLanguage":"fr-FR","@id":"https:\/\/roulottes-de-meaudre.fr\/wordpress\/descriptif\/#primaryimage","url":"https:\/\/roulottes-de-meaudre.fr\/wordpress\/wp-content\/uploads\/2023\/03\/DSC_0220-copie.jpg","contentUrl":"https:\/\/roulottes-de-meaudre.fr\/wordpress\/wp-content\/uploads\/2023\/03\/DSC_0220-copie.jpg","width":1024,"height":682},{"@type":"BreadcrumbList","@id":"https:\/\/roulottes-de-meaudre.fr\/wordpress\/descriptif\/#breadcrumb","itemListElement":[{"@type":"ListItem","position":1,"name":"Accueil","item":"https:\/\/roulottes-de-meaudre.fr\/wordpress\/"},{"@type":"ListItem","position":2,"name":"Descriptif"}]},{"@type":"WebSite","@id":"https:\/\/roulottes-de-meaudre.fr\/wordpress\/#website","url":"https:\/\/roulottes-de-meaudre.fr\/wordpress\/","name":"Les Roulottes de M\u00e9audre - Vercors","description":"h\u00e9bergements insolites en pleine nature","potentialAction":[{"@type":"SearchAction","target":{"@type":"EntryPoint","urlTemplate":"https:\/\/roulottes-de-meaudre.fr\/wordpress\/?s={search_term_string}"},"query-input":{"@type":"PropertyValueSpecification","valueRequired":true,"valueName":"search_term_string"}}],"inLanguage":"fr-FR"}]}},"_links":{"self":[{"href":"https:\/\/roulottes-de-meaudre.fr\/wordpress\/wp-json\/wp\/v2\/pages\/109","targetHints":{"allow":["GET"]}}],"collection":[{"href":"https:\/\/roulottes-de-meaudre.fr\/wordpress\/wp-json\/wp\/v2\/pages"}],"about":[{"href":"https:\/\/roulottes-de-meaudre.fr\/wordpress\/wp-json\/wp\/v2\/types\/page"}],"author":[{"embeddable":true,"href":"https:\/\/roulottes-de-meaudre.fr\/wordpress\/wp-json\/wp\/v2\/users\/1"}],"replies":[{"embeddable":true,"href":"https:\/\/roulottes-de-meaudre.fr\/wordpress\/wp-json\/wp\/v2\/comments?post=109"}],"version-history":[{"count":30,"href":"https:\/\/roulottes-de-meaudre.fr\/wordpress\/wp-json\/wp\/v2\/pages\/109\/revisions"}],"predecessor-version":[{"id":656,"href":"https:\/\/roulottes-de-meaudre.fr\/wordpress\/wp-json\/wp\/v2\/pages\/109\/revisions\/656"}],"wp:attachment":[{"href":"https:\/\/roulottes-de-meaudre.fr\/wordpress\/wp-json\/wp\/v2\/media?parent=109"}],"curies":[{"name":"wp","href":"https:\/\/api.w.org\/{rel}","templated":true}]}}